hat is 132 - -32?
164
In base 10, what is -5 + 153863?
153858
In base 10, what is -14785 - -20?
-14765
In base 13, what is 6975b + 1?
6975c
In base 2, what is -10000100000010110 + 1?
-10000100000010101
In base 15, what is -5a + 7c4?
769
In base 2, what is 1000011000 + 1111?
1000100111
In base 11, what is -251 + -351?
-5a2
In base 4, what is 120120012 + 1?
120120013
In base 10, what is -126727 - -6?
-126721
In base 15, what is -347 - 36?
-37d
In base 3, what is -1002112200 + -122?
-1002120022
In base 16, what is -1 - 1c9c?
-1c9d
In base 3, what is 11 + 111220?
112001
In base 3, what is 10 - -220121222?
220122002
In base 6, what is 244554 + 22?
245020
In base 7, what is -4 - 14210136?
-14210143
In base 4, what is 1213131 + 12222?
1232013
In base 13, what is -1 - 263b?
-263c
In base 15, what is -2 - -1088?
1086
In base 14, what is -2 - 27b85?
-27b87
In base 10, what is 6 + -340?
-334
In base 16, what is -5 + 62e1?
62dc
In base 3, what is 222 - -10220220?
10221212
In base 12, what is -1a5a - 0?
-1a5a
In base 13, what is 14 - 5bb8?
-5ba4
In base 5, what is 3 + -240342314?
-240342311
In base 10, what is 3658 + 48?
3706
In base 12, what is -310 + 8?
-304
In base 8, what is -13362 + 47?
-13313
In base 12, what is 11b732 - 0?
11b732
In base 3, what is -222000200 - -1?
-222000122
In base 14, what is b93 - -1?
b94
In base 3, what is -11 - -11110020011?
11110020000
In base 10, what is -2 - -10060?
10058
In base 11, what is -571874 - -2?
-571872
In base 10, what is -11534 + -18?
-11552
In base 11, what is 9 + -a72a?
-a721
In base 6, what is -351 + -102145?
-102540
In base 4, what is -10223110 - 0?
-10223110
In base 13, what is 22cac - 12?
22c9a
In base 13, what is 99c66a + -5?
99c665
In base 11, what is -45071 + 5?
-45067
In base 2, what is -1111100100011 - 1001100?
-1111101101111
In base 6, what is -1023 + 10201?
5134
In base 7, what is -20646 + 65?
-20551
In base 14, what is -5 - -37a2?
379b
In base 2, what is -1010101 + -11110101111?
-100000000100
In base 3, what is -10022121 - -102?
-10022012
In base 12, what is 149 + 2554?
26a1
In base 5, what is -12 + 11431?
11414
In base 10, what is 124 + -275?
-151
In base 11, what is -248 - -317?
7a
In base 4, what is -120 + -121010?
-121130
In base 8, what is -1305 - 1602?
-3107
In base 7, what is 2 + 305026?
305031
In base 9, what is -7323 + -16?
-7340
In base 16, what is -cb19 - -3?
-cb16
In base 3, what is 1100212000 - -202?
1100212202
In base 16, what is 1 + 51fe?
51ff
In base 15, what is 3 + 4d98?
4d9b
In base 5, what is 313102 + 20?
313122
In base 6, what is -345 - 12431?
-13220
In base 4, what is 10 + 2012103130?
2012103200
In base 6, what is -141140 + -13?
-141153
In base 4, what is -111302300 + 20?
-111302220
In base 4, what is -2212 + -20220?
-23032
In base 12, what is 154 - -6bb?
853
In base 5, what is 401 - -3022?
3423
In base 3, what is 1 + -220102001?
-220102000
In base 3, what is 12 - -2122121102?
2122121121
In base 13, what is 1523c + 4?
15243
In base 8, what is 332041 + 0?
332041
In base 6, what is 25530 - 4?
25522
In base 5, what is -202 + -124140?
-124342
In base 6, what is -105355 - -2?
-105353
In base 13, what is -1 - -41796?
41795
In base 8, what is -12 + 53562?
53550
In base 2, what is -1011110 - 1100000010?
-1101100000
In base 5, what is 310 - 22022?
-21212
In base 11, what is 8327 - 7?
8320
In base 2, what is 111011 + -11?
111000
In base 8, what is 337 + 2401?
2740
In base 4, what is 12 - 22201?
-22123
In base 14, what is 3 - 2219?
-2216
In base 6, what is -2 - 2010013?
-2010015
In base 4, what is 31 - -23103202?
23103233
In base 3, what is -101000110 + -121101?
-101121211
In base 6, what is -4 - -21325455?
21325451
In base 4, what is 23122220 + -3?
23122211
In base 7, what is -63021 - -11?
-63010
In base 6, what is 3135 + 25334?
32513
In base 4, what is 3 + -30011000?
-30010331
In base 10, what is -1793837 + -4?
-1793841
In base 10, what is 90 + -18?
72
In base 10, what is -188 - -92?
-96
In base 11, what is -301 - 154a6?
-157a7
In base 13, what is -13287 + 0?
-13287
In base 6, what is -221 - 1242514?
-1243135
In base 7, what is -11615 + 5?
-11610
In base 6, what is 2523331 + -1?
2523330
In base 10, what is 275 - -538?
813
In base 11, what is 187636 + 3?
187639
In base 7, what is -55 - 4414?
-4502
In base 9, what is -15 - 27476?
-27502
In base 5, what is 4 - -4424142?
4424201
In base 10, what is 22502 - 2?
22500
In base 12, what is 3 - -101a09?
101a10
In base 8, what is 202115 - 0?
202115
In base 3, what is -121122 - -1011110?
112211
In base 13, what is 4 - -3aa0?
3aa4
In base 8, what is -15 - -465362?
465345
In base 10, what is 17346 + -3?
17343
In base 3, what is 11 - 10111111001?
-10111110220
In base 8, what is -4 + -1724424?
-1724430
In base 5, what is 23212 - -30023?
103240
In base 15, what is -2 + 1067eb?
1067e9
In base 4, what is -1131201202 + 3?
-1131201133
In base 8, what is 43 - -1537?
1602
In base 2, what is -11100110 - -1100100?
-10000010
In base 5, what is 222 + -1003?
-231
In base 9, what is 146028 + 0?
146028
In base 5, what is -133242 + -212?
-134004
In base 4, what is 10 + 2132222?
2132232
In base 13, what is 1b9 - -72?
25b
In base 8, what is 772 + -60?
712
In base 13, what is -938 + 476?
-492
In base 7, what is 3 + 23635?
23641
In base 13, what is 8 - 3039?
-3031
In base 9, what is -2 + -668643?
-668645
In base 2, what is -1011011011010111 - 11?
-1011011011011010
In base 5, what is 114 - 342130?
-342011
In base 10, what is 20 + 124?
144
In base 13, what is 147a6 + -3c?
14767
In base 6, what is 132032 + -12?
132020
In base 9, what is -40 - 223?
-263
In base 12, what is 10b21 - 33?
10aaa
In base 16, what is a7be + 7?
a7c5
In base 5, what is 2130 - -40342?
43022
In base 7, what is 10031315 - 4?
10031311
In base 15, what is 194 + 95?
239
In base 6, what is -4 - -51135?
51131
In base 14, what is 1023 + -2c?
dd5
In base 3, what is 210022 - -2020?
212112
In base 8, what is -1 + -41734?
-41735
In base 9, what is -2 - -142602?
142600
In base 16, what is 1d4d - 1?
1d4c
In base 7, what is 24302032 + 2?
24302034
In base 10, what is -246 - -6707?
6461
In base 12, what is -53 - -1b4b2?
1b45b
In base 9, what is 58 - -78178?
78247
In base 13, what is 3c - -9572?
95b1
In base 13, what is -80a - 9?
-816
In base 9, what is 2 - -13883?
13885
In base 13, what is 2 - 479a5?
-479a3
In base 4, what is 110 + -11223120?
-11223010
In base 14, what is -85094 - -1?
-85093
In base 11, what is 33335 + -2?
33333
In base 6, what is 22 - -21554?
22020
In base 11, what is a - -12279?
12288
In base 8, what is -1705 + -4?
-1711
In base 14, what is 2 + 2125?
2127
In base 4, what is -13 - 121102322?
-121103001
In base 4, what is -220102 - -2331?
-211111
In base 9, what is 3 - 704800?
-704786
In base 10, what is 16110 - -35?
16145
In base 12, what is 1 + 34ba7?
34ba8
In base 15, what is -23d + 5?
-238
In base 10, what is -3 + -15800?
-15803
In base 9, what is -207 - 1?
-208
In base 16, what is d0c + 1?
d0d
In base 8, what is -1545 + 2?
-1543
In base 7, what is -240 + 141240?
141000
In base 6, what is 1 + 345034?
345035
In base 8, what is -1011651 + 1?
-1011650
In base 12, what is 216108 + -4?
216104
In base 7, what is 2 - -400212?
400214
In base 5, what is -230 - 1144?
-1424
In base 2, what is -100 - -10111010011110100?
10111010011110000
In base 15, what is -1a2e64 - 2?
-1a2e66
In base 7, what is 243 + 4111?
4354
In base 4, what is -12103 - -1212?
-10231
In base 13, what is -c5 - 89c?
-994
In base 6, what is -142 + 21235?
21053
In base 8, what is -30426 + 3?
-30423
In base 13, what is 1ca6a - -4?
1ca71
In base 12, what is 8905 - 0?
8905
In base 10, what is 4 - 3?
1
In base 5, what is -32122 - -13?
-32104
In base 15, what is adb84 + 1?
adb85
In base 14, what is -b + 10dc?
10d1
In base 10, what is -838735 + 4?
-838731
In base 11, what is 45466 + -35?
45431
In base 8, what is -71304 - -5?
-71277
In base 5, what is -3033 + -3031?
-11114
In base 10, what is -5 - 1137549?
-1137554
In base 15, what is -77 + 756?
6ce
In base 6, what is 3453512 + 14?
3453530
In base 12, what is 3 - 4251?
-424a
In base 5, what is 34024 + 124?
34203
In base 8, what is 2362 - -11161?
13543
In base 5, what is 1 + 212444?
213000
In base 10, what is 19025 + -1?
19024
In base 16, what is -1 + 18a87?
18a86
In base 16, what is -1 - -48ad?